nds digit of 10399?
1
What is the units digit of 6402?
2
What is the tens digit of 6084?
8
What is the hundreds digit of 6689?
6
What is the units digit of 459?
9
What is the hundreds digit of 3348?
3
What is the hundreds digit of 399?
3
What is the hundreds digit of 13912?
9
What is the tens digit of 10354?
5
What is the hundreds digit of 8887?
8
What is the units digit of 21040?
0
What is the hundreds digit of 8192?
1
What is the units digit of 10963?
3
What is the tens digit of 2428?
2
What is the tens digit of 167?
6
What is the units digit of 5790?
0
What is the tens digit of 16028?
2
What is the tens digit of 477?
7
What is the ten thousands digit of 18844?
1
What is the tens digit of 184334?
3
What is the hundreds digit of 685?
6
What is the units digit of 1369?
9
What is the tens digit of 11932?
3
What is the units digit of 153874?
4
What is the hundreds digit of 1478?
4
What is the ten thousands digit of 20515?
2
What is the units digit of 1543?
3
What is the units digit of 595?
5
What is the tens digit of 6706?
0
What is the units digit of 47185?
5
What is the thousands digit of 1058?
1
What is the tens digit of 67882?
8
What is the hundreds digit of 12468?
4
What is the hundreds digit of 873?
8
What is the hundreds digit of 815?
8
What is the hundreds digit of 7316?
3
What is the hundreds digit of 750?
7
What is the thousands digit of 18554?
8
What is the tens digit of 10872?
7
What is the tens digit of 1042?
4
What is the hundreds digit of 1126?
1
What is the hundreds digit of 116368?
3
What is the ten thousands digit of 10821?
1
What is the ten thousands digit of 47006?
4
What is the units digit of 2046?
6
What is the hundreds digit of 14795?
7
What is the hundred thousands digit of 137659?
1
What is the hundreds digit of 67422?
4
What is the hundred thousands digit of 145018?
1
What is the tens digit of 18835?
3
What is the ten thousands digit of 40087?
4
What is the tens digit of 722?
2
What is the tens digit of 25118?
1
What is the hundreds digit of 1773?
7
What is the hundreds digit of 7019?
0
What is the tens digit of 175?
7
What is the ten thousands digit of 85165?
8
What is the thousands digit of 3098?
3
What is the tens digit of 1028?
2
What is the tens digit of 19120?
2
What is the hundreds digit of 74989?
9
What is the ten thousands digit of 17535?
1
What is the thousands digit of 5912?
5
What is the units digit of 4125?
5
What is the tens digit of 2368?
6
What is the thousands digit of 9355?
9
What is the thousands digit of 8831?
8
What is the hundreds digit of 48192?
1
What is the ten thousands digit of 175602?
7
What is the units digit of 55221?
1
What is the hundreds digit of 2073?
0
What is the tens digit of 876?
7
What is the thousands digit of 1091?
1
What is the units digit of 681?
1
What is the hundred thousands digit of 155806?
1
What is the tens digit of 4394?
9
What is the tens digit of 85658?
5
What is the tens digit of 12433?
3
What is the ten thousands digit of 10942?
1
What is the units digit of 5780?
0
What is the tens digit of 75202?
0
What is the hundreds digit of 41389?
3
What is the tens digit of 10085?
8
What is the hundreds digit of 1446?
4
What is the tens digit of 35053?
5
What is the thousands digit of 3567?
3
What is the hundreds digit of 13472?
4
What is the thousands digit of 1252?
1
What is the hundreds digit of 4020?
0
What is the units digit of 2752?
2
What is the tens digit of 6736?
3
What is the thousands digit of 30681?
0
What is the hundreds digit of 1246?
2
What is the thousands digit of 5257?
5
What is the units digit of 1568?
8
What is the hundreds digit of 129865?
8
What is the tens digit of 5999?
9
What is the tens digit of 2990?
9
What is the thousands digit of 1129?
1
What is the units digit of 4363?
3
What is the ten thousands digit of 59654?
5
What is the ten thousands digit of 57383?
5
What is the units digit of 35965?
5
What is the thousands digit of 100569?
0
What is the units digit of 40843?
3
What is the tens digit of 1785?
8
What is the units digit of 3441?
1
What is the units digit of 15202?
2
What is the units digit of 10604?
4
What is the units digit of 671?
1
What is the hundreds digit of 6402?
4
What is the thousands digit of 11621?
1
What is the units digit of 46330?
0
What is the thousands digit of 2921?
2
What is the thousands digit of 29649?
9
What is the units digit of 2048?
8
What is the ten thousands digit of 90475?
9
What is the ten thousands digit of 17788?
1
What is the hundreds digit of 1851?
8
What is the tens digit of 9292?
9
What is the tens digit of 4361?
6
What is the units digit of 174?
4
What is the thousands digit of 3778?
3
What is the thousands digit of 124172?
4
What is the hundred thousands digit of 111216?
1
What is the units digit of 19394?
4
What is the tens digit of 391?
9
What is the thousands digit of 36077?
6
What is the thousands digit of 5569?
5
What is the units digit of 201?
1
What is the hundreds digit of 14348?
3
What is the units digit of 719?
9
What is the thousands digit of 35362?
5
What is the tens digit of 2050?
5
What is the tens digit of 1148?
4
What is the units digit of 14141?
1
What is the ten thousands digit of 63253?
6
What is the thousands digit of 3973?
3
What is the units digit of 300?
0
What is the hundred thousands digit of 199201?
1
What is the thousands digit of 29250?
9
What is the tens digit of 3575?
7
What is the units digit of 516?
6
What is the ten thousands digit of 66954?
6
What is the hundreds digit of 1370?
3
What is the thousands digit of 1484?
1
What is the units digit of 503?
3
What is the units digit of 687?
7
What is the hundreds digit of 8634?
6
What is the units digit of 8499?
9
What is the tens digit of 8024?
2
What is the hundreds digit of 2160?
1
What is the hundreds digit of 4212?
2
What is the hundreds digit of 1971?
9
What is the tens digit of 109313?
1
What is the tens digit of 74039?
3
What is the hundreds digit of 3960?
9
What is the hundreds digit of 4950?
9
What is the tens digit of 56706?
0
What is the units digit of 127618?
8
What is the thousands digit of 8911?
8
What is the hundreds digit of 2000?
0
What is the units digit of 9500?
0
What is the units digit of 1?
1
What is the thousands digit of 5533?
5
What is the units digit of 588?
8
What is the tens digit of 40838?
3
What is the thousands digit of 2278?
2
What is the hundreds digit of 20085?
0
What is the tens digit of 72?
7
What is the tens digit of 1209?
0
What is the hundreds digit of 5673?
6
What is the units digit of 59007?
7
What is the units digit of 2534?
4
What is the units digit of 9229?
9
What is the ten thousands digit of 46308?
4
What is the thousands digit of 13727?
3
What is the tens digit of 1095?
9
What is the hundreds digit of 552?
5
What is the tens digit of 15271?
7
What is the hundred thousands digit of 113014?
1
What is the tens digit of 2240?
4
What is the hundreds digit of 163253?
2
What is the thousands digit of 74389?
4
What is the units digit of 618?
8
What is the hundreds digit of 3791?
7
What is the thousands digit of 5151?
5
What is the thousands digit of 13039?
3
What is the hundred thousands digit of 127127?
1
What is the hundreds digit of 594?
5
What is the units digit of 8285?
5
What is the units digit of 9321?
1
What is the units digit of 911?
1
What is the tens digit of 6663?
6
What is the tens digit of 62656?
5
What is the tens digit of 1383?
8
What is the hundreds digit of 29000?
0
What is the hundreds digit of 86618?
6
What is the thousands digit of 117557?
7
What is the tens digit of 576?
7
What is the hundreds digit of 12677?
6
What is the hundreds digit of 560?
5
What is the thousands digit of 9559?
9
What is the tens digit of 20?
2
What is the units digit of 79465?
5
What is the units digit of 120?
0
What is the thousands digit of 1442?
1
What is the units digit of 45165?
5
What is the tens digit of 82823?
2
What is the tens digit of 24403?
0
What is the hundreds digit of 16778?
7
What is the tens digit of 139985?
8
What is the tens digit of 45014?
1
What is the tens digit of 675?
7
What is the ten thousands digit of 36461?
3
What is the tens digit of 216?
1
What is the hundreds digit of 1596?
5
What is the units digit of 414?
4
What is the units digit of 180?
0
What is the hundre